 -3*o**3 - 2*o**2 - 3*o - 3. Suppose 2*x - 10 = -0*x. Suppose 10 + 0 = -x*c. What is the units digit of d(c)?
9
Let p(q) = 5*q**3 - 3*q**2 - 2*q - 7. Let x(i) = -i**3. Let a(u) = -p(u) - 4*x(u). What is the tens digit of a(-4)?
1
Suppose 4 + 8 = -2*r. Let t(c) = c**3 + 5*c**2 - 6*c + 2. Let n be t(r). Suppose n*h = -h + 81. What is the tens digit of h?
2
Suppose -3*j - 3*x + 54 = 0, 4*x + 33 = 2*j - j. Let i = j + -21. Suppose 3*u + q - 267 = -46, i = -q - 4. What is the units digit of u?
5
Let a(d) = 68*d**2 - 52*d + 7. What is the tens digit of a(4)?
8
Suppose -2*q = 4*q - 750. Suppose -5*t + q = -4*t. What is the tens digit of t?
2
What is the tens digit of 316 + (-13)/(52/(-16))?
2
Let p(v) = v**2 + 6*v - 6. Let z be p(-7). Let i = 0 + z. What is the tens digit of 22 - -12 - i*-3?
3
Suppose -3*n + 2*x + 1444 = 0, 3*x + 488 = n + x. What is the tens digit of n?
7
Let l(w) be the third derivative of -w**5/60 - 5*w**4/24 + w**3/2 + w**2. Let b be l(-5). Suppose -7*v + 104 = -b*v. What is the units digit of v?
6
Suppose 17*b = 18*b - 1937. What is the thousands digit of b?
1
Suppose 0 = 298*l - 294*l - 1108. What is the tens digit of l?
7
What is the units digit of (-20)/5 + 3 + (-12396)/(-6)?
5
Suppose 4*j - 80 + 922 = 2*t, 0 = 3*t + 15. Let i = j - -299. What is the tens digit of i?
8
Suppose 0 = 3*j - 6*j - h + 17, 4*j - 24 = -2*h. Suppose 2*g - 3*x - 171 = 0, -3*g = -j*g + 2*x + 170. What is the tens digit of g?
8
Let s = 53 - 51. Suppose 4*v = 3*j - 436, -7*j = -s*j - 3*v - 723. What is the tens digit of j?
4
Suppose -257 - 3397 = -7*n. What is the tens digit of n?
2
Let r(k) = k**3 + 5*k**2 + 2*k + 2. Let h be r(-4). Suppose 5*v + 85 = h. What is the units digit of (10/v)/(4/(-6))?
1
Let f(s) = 7*s - 1. Suppose -65 = -6*i + 1. What is the units digit of f(i)?
6
What is the units digit of (3 + 50825/(-15))*6/(-8)?
9
Let t = 30 + 16. Suppose -2*u + t = -4*c, u - 4*c - 7 = 10. What is the units digit of u?
9
Suppose 7 - 2 = 5*i. Suppose -3*p + 2 = -i. Let u(s) = 42*s**3 - s**2 + 2*s - 1. What is the tens digit of u(p)?
4
Let r = 34 + -166. Let q = r + 241. What is the tens digit of q?
0
Suppose -2*g - 22 - 58 = 0. Let q = g - -124. What is the units digit of q?
4
Suppose k - 2*r = 0, 3*r - 9 = 3*k - 6*k. Suppose 67 = 2*g + 5*n - 8, -k*n + 107 = 3*g. What is the units digit of g?
5
Suppose 4*f - 141 = -29. Suppose -3*y - 13*q = -11*q + 49, 85 = -5*y - 4*q. Let l = y + f. What is the tens digit of l?
1
Let r be (2/(-3))/((-16)/120). Suppose 5*w - 2*f - 145 = 0, -r*f + 159 - 43 = 4*w. What is the units digit of w?
9
Suppose 55*a = 61*a - 3246. What is the units digit of a?
1
Let p = -195 - -3222. What is the units digit of p?
7
Let j = 2819 - 1560. What is the tens digit of j?
5
Let n(w) = 8*w + 15. Let t be -7 - -16 - 1*2 - -2. What is the units digit of n(t)?
7
Let w(s) = 3*s - 3. Let i be w(1). Suppose d - 59 = -4*f, -d - d + 5*f + 157 = i. What is the units digit of 8/24 + d/3?
4
Let w(j) = -3*j - 5*j - 30*j**3 - j**2 + 7*j. What is the units digit of w(-1)?
0
Suppose g = -q - 0 - 13, 0 = -3*g + 2*q - 34. Let m = -16 - g. What is the units digit of ((-1)/(-4))/(m/(-112))?
7
What is the tens digit of 2931*-2*1/(-2)?
3
Let p(d) = -d**2 + 13*d + 31. Let a be p(15). What is the units digit of 74 + 10 + (1 - a)?
4
Let l be 1/((-2)/(-10))*1. Suppose 0 = s + 3*s + 5*h - 33, 0 = l*s + 4*h - 30. Suppose -c - 4 = -0, -44 = -s*u - 3*c. What is the units digit of u?
8
Let a(d) = d - 6. Let c be a(9). Suppose -c*y = 4 + 2. What is the units digit of (-126)/(-28)*(-12)/y?
7
Let m(w) = -8 - 4*w**3 + 3*w**3 - 2*w**2 - 4*w + 2. What is the units digit of m(-4)?
2
Suppose 4*n - 5*b - 1 = 4, -29 = -4*n - 3*b. Let i = 9 + -7. Suppose 3*t - n*q - 15 = 0, i*t + q - 1 = 9. What is the units digit of t?
5
What is the tens digit of 404/(-3)*(0 + 0 - 3)?
0
Let b = -24 - -36. Suppose 216 + 312 = b*a. What is the tens digit of a?
4
Let a = 531 - 203. Let y = -211 + a. What is the tens digit of y?
1
Let h = 28 - -41. Let m = h + 43. What is the units digit of m?
2
Suppose -97 + 6865 = 18*n. What is the tens digit of n?
7
Suppose 0 = 9*u - 8*u. Suppose u = -5*q - 15, 0 = 5*f - q + 34 - 2. What is the units digit of 8/((f/2)/(-7))?
6
Suppose -4*n = -r - 0*r + 57, 2*n = -4. What is the units digit of r?
9
Suppose t = -2*g + 535, -5*t - g + 3501 - 844 = 0. What is the units digit of t?
1
Let a = 36 - 38. What is the units digit of (a + 172/10)*25/10?
8
Suppose -2*i + 5*p = 2*p + 176, 6 = 3*p. Let u = i + 161. What is the units digit of u?
6
Let g(q) be the third derivative of q**5/60 + q**3/3 + 2*q**2. Let t(c) = -c**3 + 13*c**2 + 13*c + 12. Let o be t(14). What is the units digit of g(o)?
6
Suppose 5*j = t + 102, -82 = -4*j - 7*t + 8*t. What is the tens digit of j?
2
Suppose 0*q + 12 = 4*q. Let c(d) = -7*d**3 + 3*d**2 + 4*d + 4. Let h be c(-3). Suppose -q*u - 62 + 26 = -r, -u = -5*r + h. What is the tens digit of r?
4
Suppose 5*p - 6*p = -x + 3, -x = 2*p + 9. What is the tens digit of (((-322)/p)/7)/(5/150)?
4
Let a = 28 - 24. Suppose 4*l - 3*g = 14, -4*l + 14 = -l - a*g. Suppose l*b - 47 = -z, b - 4 = -0*b. What is the tens digit of z?
3
Let g = -2542 - -4191. Suppose 6*n - 1 - g = 0. What is the units digit of n?
5
Let f be -4 + ((-391)/1 - 1). Let r = 658 + f. What is the tens digit of r?
6
Suppose m = -3*d + 25, 2*d = -0*m + 2*m - 66. What is the tens digit of m?
3
Suppose -3284 = -4*p - 4*h, -5*p + 2*h = -h - 4089. What is the units digit of p?
9
Let k = 11 - 9. Suppose -k*t = 2*u - 6, -3*t - 5 = 2*t. Suppose 2*b - u*n - n - 76 = 0, 4*b + 3*n - 100 = 0. What is the tens digit of b?
2
Let t(u) = -u**3 + 21*u**2 + 15*u + 26. What is the tens digit of t(13)?
7
Suppose -h + 21 = 5*q, -q - q + 3*h = -22. Suppose 0*y - 5*y - 4*u + 3 = 0, q*u + 27 = 4*y. What is the units digit of y?
3
Suppose -q = -4*h - 0*q + 2885, 0 = 5*h - 4*q - 3598. What is the tens digit of h?
2
What is the units digit of 438/1*16/32?
9
Suppose 0 = -m - 5*c + 27, c + 2*c - 91 = -5*m. What is the units digit of m?
7
Let z(h) = 265*h**2 - 22*h - 2. What is the thousands digit of z(-2)?
1
Let x(k) = k + 22. Let c be x(-10). Let m = 34 - c. What is the units digit of m?
2
Let d(o) = o**3 + 5*o**2 + 4*o + 3. Let f be d(-4). What is the hundreds digit of f/(-4) - ((-3212)/16 - 5)?
2
Suppose -31*f = -0*f - 27063. What is the hundreds digit of f?
8
Suppose 2*w + 164 = 476. What is the units digit of w?
6
Let a(y) = 10*y + 51 - 50 + 0*y + y**2 + 34. What is the units digit of a(-14)?
1
Let h(x) = -2*x**3 - 5*x**2 - 3*x + 3. Let j be h(-2). Let s = 13 - -19. Suppose -w = -a + s, -4*w + 180 = j*a + w. What is the tens digit of a?
3
Let f = -1260 + 1965. What is the tens digit of f?
0
Let n(d) = 2*d**2 + 3*d - 11. Let z(r) = 3*r. Let m be z(0). Let g = m + 5. What is the tens digit of n(g)?
5
What is the tens digit of (11/2)/(18/(-12))*-126?
6
Suppose -7*l + 12*l = -2*r + 2871, -5*l + 2874 = 3*r. What is the hundreds digit of l?
5
What is the units digit of 2 + -8 + (-80)/(-4)?
4
What is the thousands digit of 441783/382 + (1/2)/(-1)?
1
Suppose 18*c + 27*c = 111015. What is the thousands digit of c?
2
Let b = -95 - -53. Let p = -20 - b. What is the tens digit of p?
2
Let i(a) = a**3 - 11*a**2 + a - 5. Let h be i(11). Suppose h*g + 59 = 7*g. What is the tens digit of g?
5
Suppose 0 = 2*l + 2*l + 5*s + 509, 0 = s + 5. Let q = l - -254. What is the units digit of q?
3
Suppose -2*w = -3*w + 12. Let x = -105 - -109. Suppose -4*p = x*c - 24, -4*c - p + w = -c. What is the units digit of c?
3
Suppose 0 = -o + 2812 - 501. What is the tens digit of o?
1
Let l = -94 + 53. Let a = 75 + l. What is the units digit of a?
4
Let b(i) = 11*i**2 + 7*i + 12*i**2 + i - 22*i**2 - 3. Suppose 5*n + 2*v + 54 = 0, 2*v - 60 = 5*n + 7*v. What is the units digit of b(n)?
7
Let x(s) = 9*s**2 - 58*s - 16. What is the units digit of x(8)?
6
Let u(j) = -74*j - 42. What is the hundreds digit of u(-4)?
2
Suppose -73*a + 72*a - 3*x + 186 = 0, -2*a + 350 = -5*x. What is the units digit of a?
0
Let m(y) be the second derivative of 11*y**4/12 - y**3/6 - y**2 + y - 107. Let w = -3 + 2. What is the tens digit of m(w)?
1
Let d(s) = s**3 + 5*s**2 + 4*s + 2. Suppose -p = -2*y - 0*y + 2, -4*y = -p. Let b be d(p). Suppose b*z + 14 - 42 = 0. What is t